{"id":139,"date":"2021-01-11T22:23:10","date_gmt":"2021-01-11T21:23:10","guid":{"rendered":"https:\/\/4jv.de\/foodblog\/wordpress\/?page_id=139"},"modified":"2021-01-11T22:38:56","modified_gmt":"2021-01-11T21:38:56","slug":"home","status":"publish","type":"page","link":"https:\/\/archiv.aljosha.eu\/foodblog\/","title":{"rendered":"Home"},"content":{"rendered":"\n                <style>\n            #sogrid-1610400065203.sogrid--masonry{\n                font-size: 16px;\n                padding: 20px 0px 20px 0px;\n                margin-top: 0px;\n                margin-bottom: 20px;\n                background-color: rgba(0,0,0,0);\n            }\n\n            #sogrid-1610400065203.sogrid--masonry .sogrid__entry__title a,\n            #sogrid-1610400065203.sogrid--masonry .sogrid__entry__title a:focus,\n            #sogrid-1610400065203.sogrid--masonry .sogrid__entry__title a:hover,\n            #sogrid-1610400065203.sogrid--masonry .sogrid__entry__title a:visited{\n                color: #3bbf97;\n            }\n    \n            #sogrid-1610400065203.sogrid--masonry .sogrid__entry__meta{\n                color: #777777;\n            }\n    \n            #sogrid-1610400065203.sogrid--masonry .sogrid__entry__meta .sogrid__entry__author,\n            #sogrid-1610400065203.sogrid--masonry .sogrid__entry__meta .sogrid__entry__author:hover,\n            #sogrid-1610400065203.sogrid--masonry .sogrid__entry__meta .sogrid__entry__author:focus,\n            #sogrid-1610400065203.sogrid--masonry .sogrid__entry__meta .sogrid__entry__author:visited{\n                color: #777777;\n            }\n\n            #sogrid-1610400065203.sogrid--masonry .sogrid__entry__categories a,\n            #sogrid-1610400065203.sogrid--masonry .sogrid__entry__categories a:hover,\n            #sogrid-1610400065203.sogrid--masonry .sogrid__entry__categories a:focus,\n            #sogrid-1610400065203.sogrid--masonry .sogrid__entry__categories a:visited{\n                color: #e53935;\n            }\n    \n            #sogrid-1610400065203.sogrid--masonry .sogrid__entry__excerpt{\n                color: #555555;\n            }\n    \n            #sogrid-1610400065203.sogrid--masonry .sogrid__entry__readmore,\n            #sogrid-1610400065203.sogrid--masonry .sogrid__entry__readmore:focus,\n            #sogrid-1610400065203.sogrid--masonry .sogrid__entry__readmore:hover,\n            #sogrid-1610400065203.sogrid--masonry .sogrid__entry__readmore:visited{\n                color: #ffffff;\n                background-color: #d32f2f;\n            }   \n\n            #sogrid-1610400065203.sogrid--masonry .sogrid__pagination span{\n                color: #333333;\n                background-color: #e9e9e9;\n            }\n    \n            #sogrid-1610400065203.sogrid--masonry .sogrid__pagination span.__active{\n                color: #ffffff;\n                background-color: #d32f2f;\n            }\n\n            @media all and (min-width: 768px) {\n                #sogrid-1610400065203.sogrid--masonry{\n                    font-size: 16px;\n                }\n            }\n    \n            @media all and (min-width: 992px) {\n                #sogrid-1610400065203.sogrid--masonry{\n                    font-size: 16px;\n                }\n            }\n\n        <\/style>\n\n                <script>var sogrid_1610400065203 = {\"uid\":\"sogrid-1610400065203\",\"isAuthorVisible\":false,\"isDateVisible\":false,\"areCategoriesVisible\":false,\"categoriesSelected\":[{\"id\":1,\"slug\":\"allgemein\"}],\"postsNumber\":100,\"titleColor\":\"#3bbf97\",\"hasBorderedImage\":true,\"isExcerptVisible\":false,\"isReadMoreVisible\":false,\"postsOrder\":\"rand\",\"columns\":3,\"tabletColumns\":2,\"mobileColumns\":1,\"fontSize\":16,\"tabletFontSize\":16,\"mobileFontSize\":16,\"categoryColor\":\"#e53935\",\"excerptColor\":\"#555555\",\"readmoreColor\":\"#ffffff\",\"readmoreBGColor\":\"#d32f2f\",\"authorColor\":\"#777777\",\"dateColor\":\"#777777\",\"marginTop\":0,\"marginBottom\":20,\"paddingTop\":20,\"paddingBottom\":20,\"paddingLeft\":0,\"paddingRight\":0,\"backgroundColor\":\"rgba(0,0,0,0)\",\"isPaginationEnabled\":false,\"paginationMaxPages\":3,\"paginationPos\":\"top\",\"paginationColor\":\"#333333\",\"paginationBgColor\":\"#e9e9e9\",\"paginationActiveColor\":\"#ffffff\",\"paginationActiveBgColor\":\"#d32f2f\",\"readMoreText\":\"Read More\"};<\/script>\n\n                <div\n                    id=sogrid-1610400065203\n                    class=\"sogrid sogrid--masonry\"\n                    data-desktop=\"3\"\n                    data-tablet=\"2\"\n                    data-mobile=\"1\"\n                >\n\n                    \n\n                    <div class=\"sogrid__posts\" data-page=\"1\">\n\n            <article class=\"sogrid__entry sogrid__entry--has-thumbnail\">\n\n                \n            <div class=\"sogrid__entry__thumbnail __bordered\">\n                <img decoding=\"async\" src=\"https:\/\/archiv.aljosha.eu\/foodblog\/wp-content\/uploads\/2021\/01\/wp-1610361839530-1024x1024.jpg\" alt=\"Spiegelei-Toast\" \/>\n                \n            <a class=\"sogrid__entry__format\" data-format=\"\" href=\"https:\/\/archiv.aljosha.eu\/foodblog\/spiegelei-toast\/\">\n                <span>\n            <svg class=\"dashicon\" role=\"img\" focusable=\"false\" xmlns=\"http:\/\/www.w3.org\/2000\/svg\" width=\"20\" height=\"20\" viewBox=\"0 0 24 24\">\n                <path d=\"M13.744 8s1.522-8-3.335-8h-8.409v24h20v-13c0-3.419-5.247-3.745-8.256-3zm4.256 11h-12v-1h12v1zm0-3h-12v-1h12v1zm0-3h-12v-1h12v1zm-3.432-12.925c2.202 1.174 5.938 4.883 7.432 6.881-1.286-.9-4.044-1.657-6.091-1.179.222-1.468-.185-4.534-1.341-5.702z\"\/>\n            <\/svg><\/span>\n            <\/a>\n        \n            <\/div>\n        \n\n                <div class=\"sogrid__entry__content\">\n\n                    \n\n                    <h3 class=\"sogrid__entry__title\">\n                        <a href=\"https:\/\/archiv.aljosha.eu\/foodblog\/spiegelei-toast\/\">Spiegelei-Toast<\/a>\n                    <\/h3>\n\n                    \n\n                    \n\n                    \n\n                <\/div>\n\n            <\/article>\n\n            <article class=\"sogrid__entry sogrid__entry--has-thumbnail\">\n\n                \n            <div class=\"sogrid__entry__thumbnail __bordered\">\n                <img decoding=\"async\" src=\"https:\/\/archiv.aljosha.eu\/foodblog\/wp-content\/uploads\/2021\/01\/IMG_20210111_122211-620x1024.jpg\" alt=\"Pilz-Spaghetti\" \/>\n                \n            <a class=\"sogrid__entry__format\" data-format=\"\" href=\"https:\/\/archiv.aljosha.eu\/foodblog\/pilz-spaghetti\/\">\n                <span>\n            <svg class=\"dashicon\" role=\"img\" focusable=\"false\" xmlns=\"http:\/\/www.w3.org\/2000\/svg\" width=\"20\" height=\"20\" viewBox=\"0 0 24 24\">\n                <path d=\"M13.744 8s1.522-8-3.335-8h-8.409v24h20v-13c0-3.419-5.247-3.745-8.256-3zm4.256 11h-12v-1h12v1zm0-3h-12v-1h12v1zm0-3h-12v-1h12v1zm-3.432-12.925c2.202 1.174 5.938 4.883 7.432 6.881-1.286-.9-4.044-1.657-6.091-1.179.222-1.468-.185-4.534-1.341-5.702z\"\/>\n            <\/svg><\/span>\n            <\/a>\n        \n            <\/div>\n        \n\n                <div class=\"sogrid__entry__content\">\n\n                    \n\n                    <h3 class=\"sogrid__entry__title\">\n                        <a href=\"https:\/\/archiv.aljosha.eu\/foodblog\/pilz-spaghetti\/\">Pilz-Spaghetti<\/a>\n                    <\/h3>\n\n                    \n\n                    \n\n                    \n\n                <\/div>\n\n            <\/article>\n\n            <article class=\"sogrid__entry sogrid__entry--has-thumbnail\">\n\n                \n            <div class=\"sogrid__entry__thumbnail __bordered\">\n                <img decoding=\"async\" src=\"https:\/\/archiv.aljosha.eu\/foodblog\/wp-content\/uploads\/2021\/01\/bild-folgt-722x1024.jpg\" alt=\"Lachsnudeln mit Brokkoli und Tomaten\" \/>\n                \n            <a class=\"sogrid__entry__format\" data-format=\"\" href=\"https:\/\/archiv.aljosha.eu\/foodblog\/lachsnudeln-mit-brokkoli-und-tomaten\/\">\n                <span>\n            <svg class=\"dashicon\" role=\"img\" focusable=\"false\" xmlns=\"http:\/\/www.w3.org\/2000\/svg\" width=\"20\" height=\"20\" viewBox=\"0 0 24 24\">\n                <path d=\"M13.744 8s1.522-8-3.335-8h-8.409v24h20v-13c0-3.419-5.247-3.745-8.256-3zm4.256 11h-12v-1h12v1zm0-3h-12v-1h12v1zm0-3h-12v-1h12v1zm-3.432-12.925c2.202 1.174 5.938 4.883 7.432 6.881-1.286-.9-4.044-1.657-6.091-1.179.222-1.468-.185-4.534-1.341-5.702z\"\/>\n            <\/svg><\/span>\n            <\/a>\n        \n            <\/div>\n        \n\n                <div class=\"sogrid__entry__content\">\n\n                    \n\n                    <h3 class=\"sogrid__entry__title\">\n                        <a href=\"https:\/\/archiv.aljosha.eu\/foodblog\/lachsnudeln-mit-brokkoli-und-tomaten\/\">Lachsnudeln mit Brokkoli und Tomaten<\/a>\n                    <\/h3>\n\n                    \n\n                    \n\n                    \n\n                <\/div>\n\n            <\/article>\n\n            <article class=\"sogrid__entry sogrid__entry--has-thumbnail\">\n\n                \n            <div class=\"sogrid__entry__thumbnail __bordered\">\n                <img decoding=\"async\" src=\"https:\/\/archiv.aljosha.eu\/foodblog\/wp-content\/uploads\/2021\/01\/IMG_20210108_211533-01-1-1024x768.jpeg\" alt=\"\u00dcberbackene Cannelloni\" \/>\n                \n            <a class=\"sogrid__entry__format\" data-format=\"\" href=\"https:\/\/archiv.aljosha.eu\/foodblog\/ueberbacken-cannelloni\/\">\n                <span>\n            <svg class=\"dashicon\" role=\"img\" focusable=\"false\" xmlns=\"http:\/\/www.w3.org\/2000\/svg\" width=\"20\" height=\"20\" viewBox=\"0 0 24 24\">\n                <path d=\"M13.744 8s1.522-8-3.335-8h-8.409v24h20v-13c0-3.419-5.247-3.745-8.256-3zm4.256 11h-12v-1h12v1zm0-3h-12v-1h12v1zm0-3h-12v-1h12v1zm-3.432-12.925c2.202 1.174 5.938 4.883 7.432 6.881-1.286-.9-4.044-1.657-6.091-1.179.222-1.468-.185-4.534-1.341-5.702z\"\/>\n            <\/svg><\/span>\n            <\/a>\n        \n            <\/div>\n        \n\n                <div class=\"sogrid__entry__content\">\n\n                    \n\n                    <h3 class=\"sogrid__entry__title\">\n                        <a href=\"https:\/\/archiv.aljosha.eu\/foodblog\/ueberbacken-cannelloni\/\">\u00dcberbackene Cannelloni<\/a>\n                    <\/h3>\n\n                    \n\n                    \n\n                    \n\n                <\/div>\n\n            <\/article>\n\n            <article class=\"sogrid__entry sogrid__entry--has-thumbnail\">\n\n                \n            <div class=\"sogrid__entry__thumbnail __bordered\">\n                <img decoding=\"async\" src=\"https:\/\/archiv.aljosha.eu\/foodblog\/wp-content\/uploads\/2021\/01\/img_6539-1-1024x768.jpg\" alt=\"Gef\u00fcllte S\u00fc\u00dfkartoffeln\" \/>\n                \n            <a class=\"sogrid__entry__format\" data-format=\"\" href=\"https:\/\/archiv.aljosha.eu\/foodblog\/gefuellte-suesskartoffeln\/\">\n                <span>\n            <svg class=\"dashicon\" role=\"img\" focusable=\"false\" xmlns=\"http:\/\/www.w3.org\/2000\/svg\" width=\"20\" height=\"20\" viewBox=\"0 0 24 24\">\n                <path d=\"M13.744 8s1.522-8-3.335-8h-8.409v24h20v-13c0-3.419-5.247-3.745-8.256-3zm4.256 11h-12v-1h12v1zm0-3h-12v-1h12v1zm0-3h-12v-1h12v1zm-3.432-12.925c2.202 1.174 5.938 4.883 7.432 6.881-1.286-.9-4.044-1.657-6.091-1.179.222-1.468-.185-4.534-1.341-5.702z\"\/>\n            <\/svg><\/span>\n            <\/a>\n        \n            <\/div>\n        \n\n                <div class=\"sogrid__entry__content\">\n\n                    \n\n                    <h3 class=\"sogrid__entry__title\">\n                        <a href=\"https:\/\/archiv.aljosha.eu\/foodblog\/gefuellte-suesskartoffeln\/\">Gef\u00fcllte S\u00fc\u00dfkartoffeln<\/a>\n                    <\/h3>\n\n                    \n\n                    \n\n                    \n\n                <\/div>\n\n            <\/article>\n\n            <article class=\"sogrid__entry sogrid__entry--has-thumbnail\">\n\n                \n            <div class=\"sogrid__entry__thumbnail __bordered\">\n                <img decoding=\"async\" src=\"https:\/\/archiv.aljosha.eu\/foodblog\/wp-content\/uploads\/2021\/01\/02e73197-fdbd-432b-b835-380a783477ca-939x1024.jpg\" alt=\"Ungarische Wurstpfanne\" \/>\n                \n            <a class=\"sogrid__entry__format\" data-format=\"\" href=\"https:\/\/archiv.aljosha.eu\/foodblog\/ungarische-wurstpfanne\/\">\n                <span>\n            <svg class=\"dashicon\" role=\"img\" focusable=\"false\" xmlns=\"http:\/\/www.w3.org\/2000\/svg\" width=\"20\" height=\"20\" viewBox=\"0 0 24 24\">\n                <path d=\"M13.744 8s1.522-8-3.335-8h-8.409v24h20v-13c0-3.419-5.247-3.745-8.256-3zm4.256 11h-12v-1h12v1zm0-3h-12v-1h12v1zm0-3h-12v-1h12v1zm-3.432-12.925c2.202 1.174 5.938 4.883 7.432 6.881-1.286-.9-4.044-1.657-6.091-1.179.222-1.468-.185-4.534-1.341-5.702z\"\/>\n            <\/svg><\/span>\n            <\/a>\n        \n            <\/div>\n        \n\n                <div class=\"sogrid__entry__content\">\n\n                    \n\n                    <h3 class=\"sogrid__entry__title\">\n                        <a href=\"https:\/\/archiv.aljosha.eu\/foodblog\/ungarische-wurstpfanne\/\">Ungarische Wurstpfanne<\/a>\n                    <\/h3>\n\n                    \n\n                    \n\n                    \n\n                <\/div>\n\n            <\/article>\n\n            <article class=\"sogrid__entry sogrid__entry--has-thumbnail\">\n\n                \n            <div class=\"sogrid__entry__thumbnail __bordered\">\n                <img decoding=\"async\" src=\"https:\/\/archiv.aljosha.eu\/foodblog\/wp-content\/uploads\/2021\/01\/wp-1610221492766-521x1024.jpg\" alt=\"S\u00fc\u00dfkartoffel-Feta-Taler mit Spinat\" \/>\n                \n            <a class=\"sogrid__entry__format\" data-format=\"\" href=\"https:\/\/archiv.aljosha.eu\/foodblog\/suesskartoffel-feta-taler-mit-spinat\/\">\n                <span>\n            <svg class=\"dashicon\" role=\"img\" focusable=\"false\" xmlns=\"http:\/\/www.w3.org\/2000\/svg\" width=\"20\" height=\"20\" viewBox=\"0 0 24 24\">\n                <path d=\"M13.744 8s1.522-8-3.335-8h-8.409v24h20v-13c0-3.419-5.247-3.745-8.256-3zm4.256 11h-12v-1h12v1zm0-3h-12v-1h12v1zm0-3h-12v-1h12v1zm-3.432-12.925c2.202 1.174 5.938 4.883 7.432 6.881-1.286-.9-4.044-1.657-6.091-1.179.222-1.468-.185-4.534-1.341-5.702z\"\/>\n            <\/svg><\/span>\n            <\/a>\n        \n            <\/div>\n        \n\n                <div class=\"sogrid__entry__content\">\n\n                    \n\n                    <h3 class=\"sogrid__entry__title\">\n                        <a href=\"https:\/\/archiv.aljosha.eu\/foodblog\/suesskartoffel-feta-taler-mit-spinat\/\">S\u00fc\u00dfkartoffel-Feta-Taler mit Spinat<\/a>\n                    <\/h3>\n\n                    \n\n                    \n\n                    \n\n                <\/div>\n\n            <\/article>\n\n            <article class=\"sogrid__entry sogrid__entry--has-thumbnail\">\n\n                \n            <div class=\"sogrid__entry__thumbnail __bordered\">\n                <img decoding=\"async\" src=\"https:\/\/archiv.aljosha.eu\/foodblog\/wp-content\/uploads\/2021\/03\/img_6807-768x1024.jpg\" alt=\"Spinat-Lachs-Gnocci-Pfanne\" \/>\n                \n            <a class=\"sogrid__entry__format\" data-format=\"\" href=\"https:\/\/archiv.aljosha.eu\/foodblog\/spinat-lachs-gnocci-pfanne\/\">\n                <span>\n            <svg class=\"dashicon\" role=\"img\" focusable=\"false\" xmlns=\"http:\/\/www.w3.org\/2000\/svg\" width=\"20\" height=\"20\" viewBox=\"0 0 24 24\">\n                <path d=\"M13.744 8s1.522-8-3.335-8h-8.409v24h20v-13c0-3.419-5.247-3.745-8.256-3zm4.256 11h-12v-1h12v1zm0-3h-12v-1h12v1zm0-3h-12v-1h12v1zm-3.432-12.925c2.202 1.174 5.938 4.883 7.432 6.881-1.286-.9-4.044-1.657-6.091-1.179.222-1.468-.185-4.534-1.341-5.702z\"\/>\n            <\/svg><\/span>\n            <\/a>\n        \n            <\/div>\n        \n\n                <div class=\"sogrid__entry__content\">\n\n                    \n\n                    <h3 class=\"sogrid__entry__title\">\n                        <a href=\"https:\/\/archiv.aljosha.eu\/foodblog\/spinat-lachs-gnocci-pfanne\/\">Spinat-Lachs-Gnocci-Pfanne<\/a>\n                    <\/h3>\n\n                    \n\n                    \n\n                    \n\n                <\/div>\n\n            <\/article>\n\n            <article class=\"sogrid__entry sogrid__entry--has-thumbnail\">\n\n                \n            <div class=\"sogrid__entry__thumbnail __bordered\">\n                <img decoding=\"async\" src=\"https:\/\/archiv.aljosha.eu\/foodblog\/wp-content\/uploads\/2021\/01\/nudelauflauf-1024x778.jpg\" alt=\"Schinken-Nudelauflauf\" \/>\n                \n            <a class=\"sogrid__entry__format\" data-format=\"\" href=\"https:\/\/archiv.aljosha.eu\/foodblog\/schinken-nudelauflauf\/\">\n                <span>\n            <svg class=\"dashicon\" role=\"img\" focusable=\"false\" xmlns=\"http:\/\/www.w3.org\/2000\/svg\" width=\"20\" height=\"20\" viewBox=\"0 0 24 24\">\n                <path d=\"M13.744 8s1.522-8-3.335-8h-8.409v24h20v-13c0-3.419-5.247-3.745-8.256-3zm4.256 11h-12v-1h12v1zm0-3h-12v-1h12v1zm0-3h-12v-1h12v1zm-3.432-12.925c2.202 1.174 5.938 4.883 7.432 6.881-1.286-.9-4.044-1.657-6.091-1.179.222-1.468-.185-4.534-1.341-5.702z\"\/>\n            <\/svg><\/span>\n            <\/a>\n        \n            <\/div>\n        \n\n                <div class=\"sogrid__entry__content\">\n\n                    \n\n                    <h3 class=\"sogrid__entry__title\">\n                        <a href=\"https:\/\/archiv.aljosha.eu\/foodblog\/schinken-nudelauflauf\/\">Schinken-Nudelauflauf<\/a>\n                    <\/h3>\n\n                    \n\n                    \n\n                    \n\n                <\/div>\n\n            <\/article>\n\n            <article class=\"sogrid__entry sogrid__entry--has-thumbnail\">\n\n                \n            <div class=\"sogrid__entry__thumbnail __bordered\">\n                <img decoding=\"async\" src=\"https:\/\/archiv.aljosha.eu\/foodblog\/wp-content\/uploads\/2021\/01\/wp-1610276212089-527x1024.jpg\" alt=\"Gef\u00fcllte Bl\u00e4tterteigtaschen\" \/>\n                \n            <a class=\"sogrid__entry__format\" data-format=\"\" href=\"https:\/\/archiv.aljosha.eu\/foodblog\/gefuellte-blaetterteigtaschen\/\">\n                <span>\n            <svg class=\"dashicon\" role=\"img\" focusable=\"false\" xmlns=\"http:\/\/www.w3.org\/2000\/svg\" width=\"20\" height=\"20\" viewBox=\"0 0 24 24\">\n                <path d=\"M13.744 8s1.522-8-3.335-8h-8.409v24h20v-13c0-3.419-5.247-3.745-8.256-3zm4.256 11h-12v-1h12v1zm0-3h-12v-1h12v1zm0-3h-12v-1h12v1zm-3.432-12.925c2.202 1.174 5.938 4.883 7.432 6.881-1.286-.9-4.044-1.657-6.091-1.179.222-1.468-.185-4.534-1.341-5.702z\"\/>\n            <\/svg><\/span>\n            <\/a>\n        \n            <\/div>\n        \n\n                <div class=\"sogrid__entry__content\">\n\n                    \n\n                    <h3 class=\"sogrid__entry__title\">\n                        <a href=\"https:\/\/archiv.aljosha.eu\/foodblog\/gefuellte-blaetterteigtaschen\/\">Gef\u00fcllte Bl\u00e4tterteigtaschen<\/a>\n                    <\/h3>\n\n                    \n\n                    \n\n                    \n\n                <\/div>\n\n            <\/article>\n\n            <article class=\"sogrid__entry sogrid__entry--has-thumbnail\">\n\n                \n            <div class=\"sogrid__entry__thumbnail __bordered\">\n                <img decoding=\"async\" src=\"https:\/\/archiv.aljosha.eu\/foodblog\/wp-content\/uploads\/2021\/01\/pesto-nudeln-768x1024.jpg\" alt=\"Advanced Pesto-Nudeln\" \/>\n                \n            <a class=\"sogrid__entry__format\" data-format=\"\" href=\"https:\/\/archiv.aljosha.eu\/foodblog\/advanced-pesto-nudeln\/\">\n                <span>\n            <svg class=\"dashicon\" role=\"img\" focusable=\"false\" xmlns=\"http:\/\/www.w3.org\/2000\/svg\" width=\"20\" height=\"20\" viewBox=\"0 0 24 24\">\n                <path d=\"M13.744 8s1.522-8-3.335-8h-8.409v24h20v-13c0-3.419-5.247-3.745-8.256-3zm4.256 11h-12v-1h12v1zm0-3h-12v-1h12v1zm0-3h-12v-1h12v1zm-3.432-12.925c2.202 1.174 5.938 4.883 7.432 6.881-1.286-.9-4.044-1.657-6.091-1.179.222-1.468-.185-4.534-1.341-5.702z\"\/>\n            <\/svg><\/span>\n            <\/a>\n        \n            <\/div>\n        \n\n                <div class=\"sogrid__entry__content\">\n\n                    \n\n                    <h3 class=\"sogrid__entry__title\">\n                        <a href=\"https:\/\/archiv.aljosha.eu\/foodblog\/advanced-pesto-nudeln\/\">Advanced Pesto-Nudeln<\/a>\n                    <\/h3>\n\n                    \n\n                    \n\n                    \n\n                <\/div>\n\n            <\/article>\n\n            <article class=\"sogrid__entry sogrid__entry--has-thumbnail\">\n\n                \n            <div class=\"sogrid__entry__thumbnail __bordered\">\n                <img decoding=\"async\" src=\"https:\/\/archiv.aljosha.eu\/foodblog\/wp-content\/uploads\/2021\/01\/IMG_20210109_201720-525x1024.jpg\" alt=\"Simple Flammkuchen\" \/>\n                \n            <a class=\"sogrid__entry__format\" data-format=\"\" href=\"https:\/\/archiv.aljosha.eu\/foodblog\/simple-flammkuchen\/\">\n                <span>\n            <svg class=\"dashicon\" role=\"img\" focusable=\"false\" xmlns=\"http:\/\/www.w3.org\/2000\/svg\" width=\"20\" height=\"20\" viewBox=\"0 0 24 24\">\n                <path d=\"M13.744 8s1.522-8-3.335-8h-8.409v24h20v-13c0-3.419-5.247-3.745-8.256-3zm4.256 11h-12v-1h12v1zm0-3h-12v-1h12v1zm0-3h-12v-1h12v1zm-3.432-12.925c2.202 1.174 5.938 4.883 7.432 6.881-1.286-.9-4.044-1.657-6.091-1.179.222-1.468-.185-4.534-1.341-5.702z\"\/>\n            <\/svg><\/span>\n            <\/a>\n        \n            <\/div>\n        \n\n                <div class=\"sogrid__entry__content\">\n\n                    \n\n                    <h3 class=\"sogrid__entry__title\">\n                        <a href=\"https:\/\/archiv.aljosha.eu\/foodblog\/simple-flammkuchen\/\">Simple Flammkuchen<\/a>\n                    <\/h3>\n\n                    \n\n                    \n\n                    \n\n                <\/div>\n\n            <\/article>\n\n            <article class=\"sogrid__entry sogrid__entry--has-thumbnail\">\n\n                \n            <div class=\"sogrid__entry__thumbnail __bordered\">\n                <img decoding=\"async\" src=\"https:\/\/archiv.aljosha.eu\/foodblog\/wp-content\/uploads\/2021\/01\/spinatauflauf-783x1024.jpg\" alt=\"Spinatauflauf\" \/>\n                \n            <a class=\"sogrid__entry__format\" data-format=\"\" href=\"https:\/\/archiv.aljosha.eu\/foodblog\/spinatauflauf\/\">\n                <span>\n            <svg class=\"dashicon\" role=\"img\" focusable=\"false\" xmlns=\"http:\/\/www.w3.org\/2000\/svg\" width=\"20\" height=\"20\" viewBox=\"0 0 24 24\">\n                <path d=\"M13.744 8s1.522-8-3.335-8h-8.409v24h20v-13c0-3.419-5.247-3.745-8.256-3zm4.256 11h-12v-1h12v1zm0-3h-12v-1h12v1zm0-3h-12v-1h12v1zm-3.432-12.925c2.202 1.174 5.938 4.883 7.432 6.881-1.286-.9-4.044-1.657-6.091-1.179.222-1.468-.185-4.534-1.341-5.702z\"\/>\n            <\/svg><\/span>\n            <\/a>\n        \n            <\/div>\n        \n\n                <div class=\"sogrid__entry__content\">\n\n                    \n\n                    <h3 class=\"sogrid__entry__title\">\n                        <a href=\"https:\/\/archiv.aljosha.eu\/foodblog\/spinatauflauf\/\">Spinatauflauf<\/a>\n                    <\/h3>\n\n                    \n\n                    \n\n                    \n\n                <\/div>\n\n            <\/article><\/div>\n\n                    \n\n                <\/div>","protected":false},"excerpt":{"rendered":"","protected":false},"author":1,"featured_media":0,"parent":0,"menu_order":0,"comment_status":"closed","ping_status":"closed","template":"","meta":{"footnotes":""},"class_list":["post-139","page","type-page","status-publish","hentry","latest_post"],"_links":{"self":[{"href":"https:\/\/archiv.aljosha.eu\/foodblog\/wp-json\/wp\/v2\/pages\/139","targetHints":{"allow":["GET"]}}],"collection":[{"href":"https:\/\/archiv.aljosha.eu\/foodblog\/wp-json\/wp\/v2\/pages"}],"about":[{"href":"https:\/\/archiv.aljosha.eu\/foodblog\/wp-json\/wp\/v2\/types\/page"}],"author":[{"embeddable":true,"href":"https:\/\/archiv.aljosha.eu\/foodblog\/wp-json\/wp\/v2\/users\/1"}],"replies":[{"embeddable":true,"href":"https:\/\/archiv.aljosha.eu\/foodblog\/wp-json\/wp\/v2\/comments?post=139"}],"version-history":[{"count":3,"href":"https:\/\/archiv.aljosha.eu\/foodblog\/wp-json\/wp\/v2\/pages\/139\/revisions"}],"predecessor-version":[{"id":185,"href":"https:\/\/archiv.aljosha.eu\/foodblog\/wp-json\/wp\/v2\/pages\/139\/revisions\/185"}],"wp:attachment":[{"href":"https:\/\/archiv.aljosha.eu\/foodblog\/wp-json\/wp\/v2\/media?parent=139"}],"curies":[{"name":"wp","href":"https:\/\/api.w.org\/{rel}","templated":true}]}}